{"id":36,"date":"2017-02-27T12:03:00","date_gmt":"2017-02-27T11:03:00","guid":{"rendered":"http:\/\/prendre-du-poids.com\/?page_id=36"},"modified":"2022-05-20T11:20:24","modified_gmt":"2022-05-20T09:20:24","slug":"calcul-imc-poids-ideal","status":"publish","type":"page","link":"https:\/\/prendre-du-poids.com\/?page_id=36","title":{"rendered":"CALCUL IMC &#038; POIDS IDEAL"},"content":{"rendered":"<h1 style=\"text-align: center;\"><img loading=\"lazy\" class=\"size-full wp-image-60 aligncenter\" src=\"http:\/\/prendre-du-poids.com\/wp-content\/uploads\/2017\/02\/balance.gif\" alt=\"\" width=\"83\" height=\"100\" \/>Obtenez votre Indice de Masse Corporel (IMC), votre poids id\u00e9al et obtenez des conseils sur votre nutrition&#8230;<\/h1>\n<p>Veuillez remplir le formulaire de demande d&rsquo;information, nous pourrons vous proposer un bilan nutrition gratuit sans aucun engagement de votre part pour faire le point pr\u00e9cis de votre objectif corporel et de vos habitudes alimentaires, et vous proposer une solution adapt\u00e9e \u00e0 votre cas!<\/p>\n<p><strong><a href=\"https:\/\/prendre-du-poids.com\/?page_id=69\">Cliquer ici pour faire une demande<\/a><\/strong><\/p>\n<div align=\"center\"><\/div>\n","protected":false},"excerpt":{"rendered":"<p>Obtenez votre Indice de Masse Corporel (IMC), votre poids id\u00e9al et obtenez des conseils sur votre nutrition&#8230; Veuillez remplir le formulaire de demande d&rsquo;information, nous pourrons vous proposer un bilan nutrition gratuit sans aucun engagement de votre part pour faire le point pr\u00e9cis de votre objectif corporel et de vos habitudes alimentaires, et vous proposer [&hellip;]<\/p>\n","protected":false},"author":1,"featured_media":0,"parent":0,"menu_order":0,"comment_status":"closed","ping_status":"closed","template":"","meta":[],"_links":{"self":[{"href":"https:\/\/prendre-du-poids.com\/index.php?rest_route=\/wp\/v2\/pages\/36"}],"collection":[{"href":"https:\/\/prendre-du-poids.com\/index.php?rest_route=\/wp\/v2\/pages"}],"about":[{"href":"https:\/\/prendre-du-poids.com\/index.php?rest_route=\/wp\/v2\/types\/page"}],"author":[{"embeddable":true,"href":"https:\/\/prendre-du-poids.com\/index.php?rest_route=\/wp\/v2\/users\/1"}],"replies":[{"embeddable":true,"href":"https:\/\/prendre-du-poids.com\/index.php?rest_route=%2Fwp%2Fv2%2Fcomments&post=36"}],"version-history":[{"count":17,"href":"https:\/\/prendre-du-poids.com\/index.php?rest_route=\/wp\/v2\/pages\/36\/revisions"}],"predecessor-version":[{"id":994,"href":"https:\/\/prendre-du-poids.com\/index.php?rest_route=\/wp\/v2\/pages\/36\/revisions\/994"}],"wp:attachment":[{"href":"https:\/\/prendre-du-poids.com\/index.php?rest_route=%2Fwp%2Fv2%2Fmedia&parent=36"}],"curies":[{"name":"wp","href":"https:\/\/api.w.org\/{rel}","templated":true}]}}